ctor of 8 and p.
4
Let w(j) = -90*j. Let q be w(-1). Suppose -2*a + 4 = -4*h - 0*a, -2 = -2*h + 2*a. Let k be 9 - (-4)/(1 - h). Calculate the greatest common factor of k and q.
10
Let t be (2 - -2) + -1 - -67. Suppose -8*o + t = -o. Let d = 9 + 16. Calculate the greatest common divisor of o and d.
5
Let c(j) = 7*j**2 + 3*j. Let x be c(3). Suppose -2608*w = -2589*w - 171. What is the greatest common factor of x and w?
9
Suppose 3*o - 215 = -4*h, 2*h + 2*o - 30 - 76 = 0. Calculate the highest common divisor of h and 16.
8
Let a(y) = -4*y - 26. Suppose 5*z - 70 = 5*o, -7*z + 2*z = 4*o + 11. Let p be a(o). What is the highest common factor of p and 70?
10
Let t be ((1305/12)/3)/((-2)/(-56)). Suppose 3*v = -4*v + t. Calculate the greatest common divisor of v and 29.
29
Let y = 96 - 45. What is the highest common divisor of 272 and y?
17
Suppose 4*u - 13 = 3*u. Let p be 8/28 + (-1181)/(-7) + 0. Calculate the highest common divisor of p and u.
13
Suppose 5*k - 775 = -50*x + 52*x, -3*k = 2*x - 449. What is the greatest common factor of k and 119?
17
Let o = 22 - 15. Suppose 19*s = o*s + 24. What is the greatest common factor of s and 14?
2
Let t = 141 + -122. Let i(z) = 8*z**2 - z + 1. Let c be i(-4). What is the highest common factor of c and t?
19
Suppose -2*k + 136 = 5*w, -3*w + 147 = 3*k - 75. Calculate the highest common divisor of k and 78.
78
Suppose 5 = -5*b, 2*b + 45 = 5*p - 3*b. Suppose 2*k - 46 = p. What is the greatest common divisor of 54 and k?
27
Let v = 12 + -1. Let j(h) = -h**2 - 8*h - 1. Let n(r) = -5*r**2 + r. Let s be n(-1). Let z be j(s). What is the highest common factor of z and v?
11
Suppose 72*q - 6373 = -5*v + 73*q, -4*q - 3834 = -3*v. Calculate the greatest common divisor of 196 and v.
98
Let n(v) = -13*v + 30. Suppose 0 = -3*w - 4 - 11. Let f be n(w). What is the greatest common factor of f and 19?
19
Suppose 5*f - 23 = 4*f. Let p(m) = -22*m + 113. Let i be p(2). Calculate the highest common divisor of i and f.
23
Let d = -89 + 281. What is the greatest common divisor of 144 and d?
48
Let r be -5 - 6/(-12)*2 - -29. What is the highest common factor of r and 575?
25
Suppose 3266 = 19*o - 18527. Calculate the highest common divisor of 31 and o.
31
Let y be -2*(-4 + 5)*-2. Suppose -y - 2 = -i. What is the greatest common factor of i and 42?
6
Let g(s) = 152*s - 2. Suppose -6*l = -10*l + 4. Let a be g(l). Let v be (1/(-2))/(2/(-60)). Calculate the highest common factor of v and a.
15
Suppose -16*n = -11087 - 13553. Let d be (n/(-50))/((-2)/10). Calculate the highest common factor of d and 14.
14
Suppose -23 = k + 52. Let c be 10/k*-10*(1 - -11). Let y(u) = u + 24. Let n be y(0). Calculate the highest common factor of c and n.
8
Suppose -2*u - 3*o + 3 = 0, 2*o = -4*u + 4 + 14. Suppose 0 = 3*z - u, 3*h + 14 = -4*z + 94. Let p = -31 + 43. Calculate the highest common factor of h and p.
12
Suppose -9 = 2*z - 5*z. Let p be -2*(-3 + 1 + z). Let k be p + 39/6*24. Calculate the greatest common divisor of k and 22.
22
Suppose k = -3*k - n - 220, 5*n = 0. Let l be (k/(-25) + -1)*(-150)/(-4). Calculate the highest common divisor of l and 5.
5
Suppose 5*w - 3*k = 4*w + 29, 5*w - 77 = -2*k. Suppose 2*d - 5*f = 384, -2*f - 559 = -3*d - 3*f. What is the greatest common factor of w and d?
17
Let d be (-69)/46*(-16)/(-6)*-161. Calculate the greatest common divisor of 28 and d.
28
Let p(r) = -r**2 + 16*r - 13. Let b be p(8). Let z = b + -32. Calculate the highest common divisor of z and 152.
19
Suppose i + i + 3*s = 87, -3*i + 148 = s. What is the highest common factor of i and 663?
51
Suppose 5*a = -5*m + 4450, -3*a - 15*m + 17*m = -2660. What is the highest common divisor of 96 and a?
24
Suppose -14 = v + k + 63, -2*v = 5*k + 154. Let t = 81 + v. Calculate the highest common factor of 44 and t.
4
Suppose -35*p = -27123 + 5773. What is the greatest common divisor of 10 and p?
10
Let f(b) = -18*b**2 - 5*b + 2. Let g be f(4). Let z = -218 - g. Calculate the highest common divisor of 8 and z.
8
Suppose 154 = -243*h + 241*h. Let b = -75 - h. Calculate the greatest common divisor of b and 14.
2
Let v be (4 - 88/20)*-65. Suppose 0 = -2*z + 110 - v. What is the highest common factor of z and 6?
6
Let v(b) = 2*b**2 - 3*b + 7. Let d be v(-5). What is the highest common factor of d and 24?
24
Suppose 2*r = -4, 3*r + 242 + 260 = 4*x. What is the greatest common divisor of 93 and x?
31
Let u be (-30618)/(-87) - 94/(-1363). What is the greatest common divisor of 11 and u?
11
Suppose -16*u = 9*u - 9850. What is the greatest common factor of u and 2?
2
Suppose -29*r - u - 529 = -33*r, -u - 133 = -r. Calculate the highest common divisor of 33 and r.
33
Let x be -1*(-3)/(-3)*(1 - 8). Calculate the greatest common factor of 896 and x.
7
Let b = 936 - 864. Calculate the highest common divisor of 9 and b.
9
Let f be 6 + (2 + -1 - (-241 + 16)). Suppose -5*d - s + 153 - 5 = 0, 0 = 4*d - s - 113. Calculate the greatest common factor of d and f.
29
Let r(g) = g**2 + g - 8. Let y = -7 - -2. Let t = y + 11. Let m be r(t). Calculate the greatest common factor of m and 17.
17
Suppose -708 = -4*r + 4*x, 4*r = 3*x - 89 + 795. What is the highest common factor of 25 and r?
25
Let f be (-1 - (-9 + 3)) + 5 + 14. What is the highest common factor of 1704 and f?
24
Let r be (-2)/8 + 36/16. Let l(z) = -6*z**3 + z. Let d be l(-1). Suppose r*b = 2*v + d - 135, b = 3*v - 205. What is the greatest common factor of 14 and v?
14
Let s be (-32)/40*(-230)/4. Calculate the greatest common divisor of 92 and s.
46
Suppose 2*m - 4*m = 30. Let o = -10 - m. Suppose -o*s = -5 - 10. What is the highest common divisor of 3 and s?
3
Suppose 256 = -85*f + 93*f. What is the greatest common divisor of 304 and f?
16
Suppose -t - 54 = -4*t. Let r(n) = -2*n**2 - 131*n + 210. Let g be r(-67). What is the greatest common factor of g and t?
9
Let s(i) = 65*i + 2. Let x be s(2). Let q be (8 + 0)/((-60)/9 - -7). Calculate the greatest common divisor of x and q.
12
Let f be (-42)/(-98) - 2458/(-14). What is the greatest common factor of f and 22?
22
Let q be (2 + -1)/(10 - 11)*-12. What is the highest common divisor of 4 and q?
4
Let c(i) = -5*i + 4. Suppose q - 4 = 3*s + 1, 3*s = 4*q + 7. Let k be c(s). Suppose 3*v = -4*v + 266. What is the highest common factor of k and v?
19
Let l be (16 + -6)/((-4)/(-2)). Let y(i) = -50*i**3 + i**2 + 2*i + 1. Let r be y(-1). Calculate the highest common divisor of r and l.
5
Let o(r) = r**2 - 3*r - 5. Let c be o(-2). Suppose -160 = -3*p - 2*p - 4*y, c*y + 115 = 5*p. What is the greatest common divisor of 308 and p?
28
Let v = -53 + 65. Calculate the highest common factor of 12 and v.
12
Let d be 2*(-1)/6*-51. Suppose j - 20 = d. Calculate the highest common divisor of 296 and j.
37
Let p be (-66)/(-4)*2/1. Let z be (44/6)/1*(2 - -1). Suppose 0 = -0*x + 2*x - z. What is the highest common divisor of p and x?
11
Let r be ((-1)/(2/62) - 4)*-3. Calculate the highest common factor of 42 and r.
21
Let g = -183 + 351. Suppose 0 = 2*h - 5*r + 24 - 67, 4 = 4*r. What is the highest common factor of g and h?
24
Suppose 0 = x + v + 2, -x - 7*v + 11*v = -13. Calculate the greatest common divisor of x and 8.
1
Suppose 2*q - 10*q + 224 = 0. Calculate the highest common factor of 28 and q.
28
Suppose -k - 10*z + 7*z = -241, 5*k = 2*z + 1222. What is the highest common factor of k and 61?
61
Suppose 0 = -243*c + 244*c - 40. What is the greatest common divisor of 30 and c?
10
Let x = -2442 - -2685. Calculate the greatest common factor of 162 and x.
81
Let n be 2/(-14) + (-165)/21. Let v = 17 - n. Calculate the greatest common divisor of 275 and v.
25
Let p = 705 + -360. What is the greatest common divisor of p and 69?
69
Let d(c) = -2 + c**2 + 0*c**2 + 3*c + 3. Let g be d(-1). Let n be g/(-1 - (-128)/132). Calculate the greatest common divisor of 22 and n.
11
Suppose -6*h = -19*h + 182. Let y = -63 - -110. Suppose -9 = -r + y. Calculate the greatest common divisor of r and h.
14
Suppose -3*n - 1 = -5*q + 2, 4*q = n + 8. Suppose 0*s + s - 59 = 5*m, n*m - 23 = -s. Calculate the highest common divisor of 26 and s.
13
Let c = 11 + 53. Suppose 2*m - 12 = -8*x + 9*x, 4*m - 10 = -5*x. Suppose 0 = -m*w + w + c. What is the greatest common divisor of 144 and w?
16
Let x be 1/(-3)*(-6 + -18). L